02
In base 16, what is 12807 - 1ed?
1261a
In base 13, what is -1379 + -19b?
-1547
In base 13, what is -11 - 405980?
-405991
In base 5, what is -2133 + -10430220?
-10432403
In base 4, what is -133113312001 + -123?
-133113312130
In base 13, what is 15 + -2b5956?
-2b5941
In base 4, what is -30223201310 + -11?
-30223201321
In base 12, what is -72364 + 1962?
-70602
In base 9, what is -5 + -4115316?
-4115322
In base 9, what is 24165 - -4280?
28455
In base 9, what is -246507 + 514?
-245883
In base 12, what is -1189b3 + -27?
-118a1a
In base 10, what is -35 + 23291?
23256
In base 5, what is -1110 - -3422021?
3420411
In base 2, what is 100000000010110110 - -11010?
100000000011010000
In base 3, what is 2100200210 + -201111011?
1122012122
In base 10, what is -8647806 - -187?
-8647619
In base 4, what is -101011 + -12101021?
-12202032
In base 12, what is 99bba54 - 5?
99bba4b
In base 8, what is 71 - -151022?
151113
In base 7, what is -302301 - 564?
-303165
In base 10, what is -2 + 19811515?
19811513
In base 14, what is 20a21 + -adc?
1dd23
In base 8, what is 74761764 + 2?
74761766
In base 2, what is -1000100010001001000010111 - 10?
-1000100010001001000011001
In base 8, what is -37 + 1147745?
1147706
In base 5, what is -3424 + -134043?
-143022
In base 2, what is 11001100000111100110101001 + 11?
11001100000111100110101100
In base 16, what is f4 + 257704?
2577f8
In base 5, what is -44403201 + -11?
-44403212
In base 2, what is -1101110 + -111110111101100?
-111111001011010
In base 4, what is 21311 + -1012301?
-330330
In base 16, what is 0 + -1a8f5f6?
-1a8f5f6
In base 11, what is 782 - -3593?
4265
In base 8, what is -265 - -663250?
662763
In base 10, what is -486822 + -562?
-487384
In base 12, what is -37 + -a2711?
-a2748
In base 5, what is 124121 - 12412?
111204
In base 16, what is 12e3 - c53?
690
In base 2, what is -1110001010111 + -100010?
-1110001111001
In base 5, what is -23314340101 + 0?
-23314340101
In base 12, what is -231a0 + 4?
-23198
In base 7, what is -2366 + -4066620?
-4102316
In base 2, what is 10011100101101111010 + -101100?
10011100101101001110
In base 10, what is 1 - -867474?
867475
In base 8, what is -751103413 - 1?
-751103414
In base 16, what is -3154793 - 1?
-3154794
In base 12, what is 12 + -17028b8?
-17028a6
In base 2, what is -100 - 1111011001011110100110?
-1111011001011110101010
In base 6, what is -11345412 - 45?
-11345501
In base 2, what is 1010101110101010100 + -111000111?
1010101101110001101
In base 7, what is 545244 + 24?
545301
In base 15, what is 3 + 4c6dc3?
4c6dc6
In base 5, what is -20244232 - -1?
-20244231
In base 11, what is a - 4031387?
-4031378
In base 8, what is 3 - -11351141?
11351144
In base 6, what is 2525 - -12323345?
12330314
In base 4, what is -132303223013 - -11?
-132303223002
In base 4, what is 120000 - 1201320030?
-1201200030
In base 13, what is -4b7 + 280ab?
278c4
In base 11, what is -854a - 945?
-9394
In base 15, what is -34727 + 22?
-34705
In base 6, what is 1253 - 325101?
-323404
In base 14, what is -d91b - -106d?
-c88c
In base 3, what is -20010122001 + -20202?
-20010212210
In base 14, what is -3 - 1013129?
-101312c
In base 15, what is -9 + -18216?
-18220
In base 7, what is 25 + 1604624?
1604652
In base 10, what is 10401318 - -3?
10401321
In base 10, what is -80 + 71933?
71853
In base 10, what is 84 - -707889?
707973
In base 13, what is -1913 + 254c?
939
In base 14, what is 495 - -25d0?
2a85
In base 6, what is 115522 - -1513?
121435
In base 11, what is 8 + -1587a277?
-1587a26a
In base 3, what is -2 - 2020102222110010?
-2020102222110012
In base 15, what is c53ed6 + 4c?
c54033
In base 2, what is -1111110011 + -100100100100001?
-100110100010100
In base 5, what is -2 + 14243121341?
14243121334
In base 15, what is 4b2cde - -7?
4b2ce6
In base 7, what is -24 - -1013052145?
1013052121
In base 7, what is 3430413541 + -3?
3430413535
In base 15, what is 352be6 - 70?
352b76
In base 10, what is -12485 + -1951?
-14436
In base 16, what is 2 - -23e04ea?
23e04ec
In base 15, what is a039a + 6a?
a0415
In base 2, what is 111000111100010 - 101?
111000111011101
In base 16, what is -4 + 3684f3?
3684ef
In base 3, what is 2 + 12210012111100?
12210012111102
In base 15, what is 141d3 - -c2?
142a5
In base 7, what is -213 + 1446115?
1445602
In base 10, what is -5 - 47184486?
-47184491
In base 16, what is -cedf - -6be?
-c821
In base 15, what is -495d9 + -b?
-495e5
In base 11, what is 16 + 2175233?
2175249
In base 15, what is 0 - -39d249a?
39d249a
In base 9, what is -44816 + 1855?
-42851
In base 7, what is -114432025 - -23?
-114432002
In base 7, what is 440304413 - 51?
440304332
In base 2, what is -10011010010101 + -111000101101?
-11010011000010
In base 15, what is -10 + 1cd84?
1cd74
In base 14, what is -30925d - 4c?
-3092ab
In base 11, what is -62 - 36105?
-36167
In base 8, what is -306517323 - -2?
-306517321
In base 7, what is 62221 - -3152?
65403
In base 5, what is 1431002 + 404?
1431411
In base 9, what is 3206 + 44263?
47470
In base 11, what is 4 - 2845985a?
-28459856
In base 10, what is 12010803 - -1?
12010804
In base 3, what is 110 - -2112011110002201?
2112011110010011
In base 7, what is -13146 + 1012?
-12134
In base 9, what is 44 - 6627371?
-6627326
In base 4, what is -11 + -1010122233201?
-1010122233212
In base 11, what is -142 - 586456?
-586598
In base 16, what is -f + a0eadb?
a0eacc
In base 4, what is -1001312 + -3300013?
-10301331
In base 12, what is 1652 + 18319?
1996b
In base 15, what is -9ece + -7c?
-a05b
In base 12, what is -17 + 1b540033?
1b540018
In base 16, what is 702 + -13d3e?
-1363c
In base 3, what is -2221 - 100020212222?
-100020222220
In base 13, what is b562 + 108?
b66a
In base 13, what is -91 - 106c18a?
-106c24b
In base 11, what is 0 + -9a8a820?
-9a8a820
In base 2, what is -1111100011010111101000111 - -101?
-1111100011010111101000010
In base 5, what is 232134124 - 1010?
232133114
In base 13, what is 2 - 16aaa60?
-16aaa5b
In base 7, what is -301430 + 16?
-301411
In base 10, what is 104 + 18318?
18422
In base 14, what is -473167 + 10c?
-473059
In base 5, what is -3 + -22443040032?
-22443040040
In base 7, what is -120561101 + -4?
-120561105
In base 11, what is -25 + -aa644?
-aa669
In base 15, what is c - -1515e7?
151604
In base 9, what is 753081 + 406?
753487
In base 2, what is 100011011001 - -101111111110001?
110100011001010
In base 8, what is 67357 - 1550?
65607
In base 11, what is 882 + -4345?
-3573
In base 11, what is 1180a16 - -2?
1180a18
In base 11, what is -273707a40 - 4?
-273707a44
In base 7, what is 13016 - 4225?
5461
In base 5, what is -4 - -44032434232?
44032434223
In base 15, what is -29 - -73e4?
73ba
In base 14, what is b1d - 66?
a97
In base 14, what is 139364a - -3?
139364d
In base 5, what is -12303 - 1013413?
-1031221
In base 5, what is 11102443403300 - -3?
11102443403303
In base 12, what is -5a237 + 66?
-5a191
In base 12, what is 5626355 + 5?
562635a
In base 9, what is 13603538 + 17?
13603556
In base 9, what is 3138760 - 71?
3138678
In base 6, what is 1444 + 10101120?
10103004
In base 13, what is -10a6 - -3b75a?
3a684
In base 13, what is 123 + -29c8b?
-29b68
In base 13, what is -6285 - -a303?
404b
In base 7, what is 46265 - 42613?
3352
In base 5, what is -124122 + 103124?
-20443
In base 8, what is 16515026 + -1?
16515025
In base 4, what is 2101231331 - -131?
2101232122
In base 15, what is -5 - -1569ad?
1569a8
In base 14, what is -22 - -39a06?
399c4
In base 12, what is 28 + 518610?
518638
In base 5, what is -23212 - 1023?
-24240
In base 15, what is -697ddc - 3?
-697de0
In base 12, what is -1920 + -1674?
-3394
In base 2, what is -10111001110010 + -110101010011?
-11101111000101
In base 9, what is 57 - 215838?
-215771
In base 15, what is -28d20b + 214?
-28cee7
In base 10, what is -268 - 32574?
-32842
In base 3, what is -200011110210 + 1101?
-200011102102
In base 16, what is 9 + 1d7487?
1d7490
In base 8, what is 116363 - 31453?
64710
In base 6, what is -13 + -4315444?
-4315501
In base 11, what is -5 + a08374?
a0836a
In base 7, what is -104656 + -26044?
-134033
In base 4, what is 1211 - -1331233102?
1331300313
In base 8, what is 2545 + 112310?
115055
In base 7, what is 2212166601 + 1?
2212166602
In base 8, what is 2264375603 - 5?
2264375576
In base 9, what is -4036028 + 1?
-4036027
In base 2, what is -11010110